{"id":190,"date":"2020-09-22T10:32:24","date_gmt":"2020-09-22T10:32:24","guid":{"rendered":"https:\/\/valentinaberraosteopata.it\/?page_id=190"},"modified":"2021-04-05T09:13:37","modified_gmt":"2021-04-05T09:13:37","slug":"cose-losteopatia","status":"publish","type":"page","link":"https:\/\/valentinaberraosteopata.it\/index.php\/cose-losteopatia\/","title":{"rendered":"Cos&#8217;\u00e8 l&#8217;Osteopatia"},"content":{"rendered":"\t\t<div data-elementor-type=\"wp-page\" data-elementor-id=\"190\" class=\"elementor elementor-190\">\n\t\t\t\t\t\t<section class=\"elementor-section elementor-top-section elementor-element elementor-element-2a1c12c8 elementor-section-boxed elementor-section-height-default elementor-section-height-default\" data-id=\"2a1c12c8\" data-element_type=\"section\" data-e-type=\"section\">\n\t\t\t\t\t\t<div class=\"elementor-container elementor-column-gap-default\">\n\t\t\t\t\t<div class=\"elementor-column elementor-col-100 elementor-top-column elementor-element elementor-element-46f88380\" data-id=\"46f88380\" data-element_type=\"column\" data-e-type=\"column\">\n\t\t\t<div class=\"elementor-widget-wrap elementor-element-populated\">\n\t\t\t\t\t\t<div class=\"elementor-element elementor-element-704650bb elementor-widget elementor-widget-heading\" data-id=\"704650bb\" data-element_type=\"widget\" data-e-type=\"widget\" data-widget_type=\"heading.default\">\n\t\t\t\t<div class=\"elementor-widget-container\">\n\t\t\t\t\t<h2 class=\"elementor-heading-title elementor-size-default\"><h2><font color=\"#689BCA\">La nascita dell'Osteopatia e la sua diffusione:<\/h2><\/h2>\t\t\t\t<\/div>\n\t\t\t\t<\/div>\n\t\t\t\t\t<\/div>\n\t\t<\/div>\n\t\t\t\t\t<\/div>\n\t\t<\/section>\n\t\t\t\t<section class=\"elementor-section elementor-top-section elementor-element elementor-element-34ca1190 elementor-section-boxed elementor-section-height-default elementor-section-height-default\" data-id=\"34ca1190\" data-element_type=\"section\" data-e-type=\"section\">\n\t\t\t\t\t\t<div class=\"elementor-container elementor-column-gap-default\">\n\t\t\t\t\t<div class=\"elementor-column elementor-col-100 elementor-top-column elementor-element elementor-element-5e14aa6d\" data-id=\"5e14aa6d\" data-element_type=\"column\" data-e-type=\"column\">\n\t\t\t<div class=\"elementor-widget-wrap elementor-element-populated\">\n\t\t\t\t\t\t<div class=\"elementor-element elementor-element-339dfdb8 elementor-widget elementor-widget-text-editor\" data-id=\"339dfdb8\" data-element_type=\"widget\" data-e-type=\"widget\" data-widget_type=\"text-editor.default\">\n\t\t\t\t<div class=\"elementor-widget-container\">\n\t\t\t\t\t\t\t\t\t<p><img fetchpriority=\"high\" decoding=\"async\" class=\" wp-image-860 alignleft\" src=\"https:\/\/valentinaberraosteopata.it\/wp-content\/uploads\/2021\/03\/still-212x300.jpg\" alt=\"\" width=\"322\" height=\"456\" srcset=\"https:\/\/valentinaberraosteopata.it\/wp-content\/uploads\/2021\/03\/still-212x300.jpg 212w, https:\/\/valentinaberraosteopata.it\/wp-content\/uploads\/2021\/03\/still-725x1024.jpg 725w, https:\/\/valentinaberraosteopata.it\/wp-content\/uploads\/2021\/03\/still-1088x1536.jpg 1088w, https:\/\/valentinaberraosteopata.it\/wp-content\/uploads\/2021\/03\/still-1450x2048.jpg 1450w, https:\/\/valentinaberraosteopata.it\/wp-content\/uploads\/2021\/03\/still-scaled.jpg 1813w\" sizes=\"(max-width: 322px) 100vw, 322px\" \/>Andrew Taylor Still nacque in Virginia nel 1828, figlio di un pastore metodista e medico, trascorse la sua infanzia al seguito del padre nei suoi frequenti spostamenti tra diverse missioni per i nativi americani nei territori dell\u2019allora Missouri Territory.<\/p><p>In giovane et\u00e0, decise di seguire le orme del padre come medico. Dopo aver studiato medicina ed essere stato apprendista del padre, partecip\u00f2 alla guerra civile.<\/p><p>Dopo la guerra civile e in seguito alla morte della moglie, di tre dei suoi figli, e di un bambino adottato (a causa della meningite spinale) nel 1864, arriv\u00f2 alla conclusione che le pratiche mediche ortodosse del suo tempo erano spesso inefficaci, e talvolta dannose. Dedic\u00f2 i successivi trenta anni della sua vita a studiare il corpo umano per trovare modi alternativi per trattare la malattia.<\/p><p>Still credeva che l&#8217;osteopatia fosse una scoperta necessaria perch\u00e9 come detto precednetemente le pratiche mediche del suo tempo, spesso, causavano un danno rilevante e perch\u00e9 la medicina convenzionale non era riuscita a far luce sull\u2019eziologia e sul trattamento efficace delle malattie. Al momento della sua laurea, i farmaci, la chirurgia e gli altri regimi terapeutici tradizionali spesso causavano pi\u00f9 male che bene.<\/p><p>La prima scuola che ebbe successo fu istituita nel 1892, l\u2019American School of Osteopathy (ASO), con una classe di ventuno studenti fra uomini e donne. Il fine dichiarato nello statuto era \u201cmigliorare il sistema chirurgico, ostetrico, e in genere il trattamento delle malattie di quel tempo e porlo su basi pi\u00f9 razionali e scientifiche\u201d. Lo statuto avrebbe permesso il rilascio di una laurea in medicina tradizionale (MD), ma Still insistette per ottenere un riconoscimento distintivo per i laureati, e cio\u00e8 DO, che stava per Diplomato in Osteopatia (pi\u00f9 tardi divenne Dottore in Osteopatia).<\/p><p>Negli ultimi cinque anni del secolo la crescita sia della clinica sia della scuola fu spettacolare. I pazienti arrivavano da luoghi vicini e lontani, dopo aver sentito voci o letto resoconti di cure quasi miracolose.<\/p><p>La citt\u00e0 di Kirksville prosper\u00f2 e cominci\u00f2 a considerare Still, all\u2019inizio ridicolizzato, come un cittadino di immensa importanza, tanto che la sua statua si erge nella piazza cittadina.<\/p><p>In tutta la sua storia, la formazione clinica osteopatica si \u00e8 sempre svolta in contesti di assistenza sanitaria di base: ospedali e studi medici, all\u2019inizio del XX secolo esistevano diversi ospedali osteopatici, 20 a Chicago, 10 a Boston ecc\u2026 e il loro sviluppo su significativo soprattutto durante e dopo la II Guerra Mondiale.<\/p><p><strong>L\u2019osteopatia si diffonde al di fuori degli Stati Uniti:<\/strong><\/p><p>I primi studenti internazionali dell\u2019ASO divennero lo strumento di diffusione dell\u2019Osteopatia in altri paesi, oltre agli Stati Uniti. La medicina osteopatica si diffuse rapidamente in Canada con il primo DO Canadese nel 1899.<\/p><p>Una figura chiave che fece approdare l\u2019osteopatia in Europa \u00e8 <strong>John Martin Littlejohn (1865-1947)<\/strong>, proveniente da Glasgow (UK) emigr\u00f2 negli Stati Uniti, dove stupito dai risultati del Dr. Still decise di diventare Osteopata. Fece rientro a Londra, e dopo una serie di discorsi pronunciati alla Societ\u00e0 delle Scienze, nel 1917 fu fondata la <strong>BSO (British School Of Osteopathy)<\/strong>, istituto che \u00e8 tuttora un riferimento internazionale nel campo dell\u2019insegnamento e della clinica osteopatica. In tutti gli stati europei in cui si \u00e8 diffusa l\u2019osteopatia vengono costituite associazioni di categoria che hanno contribuito a mantenere elevata la qualit\u00e0 e gli standard della formazione e della professione.<\/p><p>Il primo osteopata giunto in <strong>Italia nel 1979<\/strong> \u00e8 <strong>Alain Bernard<\/strong>, fisioterapista diplomatosi in Osteopatia alla BSO di Londra. Nel 1981 cominci\u00f2 i primi corsi di Osteopatia nel suo studio di Roma.<\/p><p>Nel dicembre del 1982 viene avviato ad Ancona un primo corso in Osteopatia promosso dall\u2019osteopata belga <strong>Eddy Deforest<\/strong>, direttore della neonata Associazione Italiana di Osteopatia (AIO), la scuola si trasfer\u00ec 2 anni dopo a Milano (I.I.O.), iniziando il corso con dodici studenti. Nel 1989 viene fondato presso un Notaio di Chieti il <strong>ROI (Registro degli Osteopati Italiani)<\/strong> da Eddy Deforest e da Pasquale D\u2019Antonio, con l\u2019obiettivo di stimolare la diffusione, la conservazione e la valorizzazione del patrimonio storico e culturale dell\u2019Osteopatia nel nostro Paese. Durante gli anni nascono varie associazioni, con il medesimo scopo di regolamentare e unificare il percorso di studi, tutelare gli osteopati dal vuoto legislativo italiano, garantire l\u2019erogazione di servizi per la persona di qualit\u00e0 secondo criteri qualitativi e normativi unificati, interfacciarsi con i governi per promuovere un riconoscimento della professione anche in Italia.<\/p><p>Il 22 Dicembre 2017, con l\u2019approvazione del Ddl Lorenzin, l\u2019Osteopatia viene identificata come professione sanitaria in Italia.<\/p><p>\u00a0<\/p><h4><span style=\"color: #689bca;\"><strong>COS\u2019E\u2019 L\u2019OSTEOPATIA:<\/strong><\/span><\/h4><p>\u00a0<\/p><p>\u00c8 una terapia manuale, complementare alla medicina classica, incentrata sulla salute della persona piuttosto che sulla malattia; si avvale di un approccio manuale e si concentra sulla causa e non sul sintomo (spesso infatti la causa del dolore trova la sua locazione lontano dalla zona dolorosa), ricercando le alterazioni funzionali del corpo che portano al manifestarsi di segni e sintomi che possono poi sfociare in dolori di vario genere.<\/p><p>L\u2019osteopatia \u00e8 un sistema consolidato di assistenza alla salute, ricopre un ruolo determinante come supporto alle altre terapie, integrandosi all\u2019interno del percorso riabilitativo e non solo, viene sviluppata anche come trattamento indipendente e di prevenzione.<\/p><p>Grazie ai principi su cui si basa l\u2019osteopatia, interviene su persone di tutte le et\u00e0, dal neonato all\u2019anziano, alla donna in gravidanza.<\/p><p>\u00a0<\/p><p><strong>I PRINCIPI DELL&#8217;OSTEOPATIA:<\/strong><\/p><p>L\u2019innovazione di Still si concretizza nei Princ\u00ecpi cardine di cui ancora oggi l\u2019Osteopatia si avvale:<\/p><ol><li>L\u2019 essere umano \u00e8 un\u2019unit\u00e0 dinamica di funzioni, il cui stato di salute \u00e8 determinato da corpo, mente, e spirito.<\/li><li>Il corpo possiede dei meccanismi di autoregolazione e autoguarigione.<\/li><li>La struttura e la funzione sono reciprocamente inter-correlate.<\/li><li>La terapia razionale si fonda sull\u2019applicazione di tutti e tre i principi.<\/li><\/ol><p><strong>UNIT\u00c0 DEL CORPO:<\/strong><\/p><p>L\u2019essere umano \u00e8 un sistema complesso in grado di generare adattamenti, il suo stato di salute pu\u00f2 essere influenzato dalle relazioni con l\u2019ambiente (naturale o socioculturale), da fattori genetici\/epigenetici e da fattori Psicologici.<\/p><p>L\u2019individuo \u00e8 visto nella sua globalit\u00e0 come un sistema composto da muscoli, struttura scheletrica ed organi interni che trovano il loro collegamento nei centri nervosi della colonna vertebrale.<\/p><p>Ogni parte costituente la persona (psiche inclusa) e l\u2019ambiente in cui essa vive \u00e8 correlata dalle altre e il corretto funzionamento di ognuna assicura quello dell\u2019intera struttura: dunque, il benessere e la salute.<\/p><p>\u00a0<\/p><p><strong>AUTOREGOLAZIONE:<\/strong><\/p><p>Il Dott. Still, affermava che il corpo contiene in s\u00e9 stesso tutti i mezzi necessari ad eliminare e prevenire le malattie. Questo a una condizione, cio\u00e8 che i sistemi di autoregolazione siano liberi di funzionare correttamente, che non ci sia alcun ostacolo sulle vie della nutrizione tissulare (arterie, vene, nervi e sistema linfatico) e su quelle dell\u2019eliminazione dei rifiuti.<\/p><p>L\u2019Osteopatia mira a ristabilire l\u2019armonia della struttura scheletrica di sostegno al fine di permettere all\u2019organismo di poter trovare un proprio equilibrio ed un proprio benessere.<\/p><p>Dunque non \u00e8 il terapeuta che guarisce, ma il suo ruolo \u00e8 quello di eliminare gli \u201costacoli\u201d alle vie di comunicazione del corpo al fine di permettere all\u2019organismo, sfruttando i propri fenomeni di autoregolazione, di raggiungere la guarigione.<\/p><p>\u00a0<\/p><p><strong>RELAZIONE TRA STRUTTURA E FUNZIONE:<\/strong><\/p><p>Il Dr. Still concluse che l\u2019Osteopatia poteva riassumersi in un\u2019unica frase \u201cla struttura governa la funzione\u201d.<\/p><p>Cosa voleva dire, che ogni funzione del corpo pu\u00f2 essere perfetta solo se la struttura portante \u00e8 perfetta; se tale equilibrio \u00e8 alterato per qualsiasi motivo, ci si trova di fronte ad una disfunzione osteopatica, caratterizzata da una zona corporea in cui \u00e8 andata persa la corretta mobilit\u00e0.<\/p><p>L\u2019organismo reagir\u00e0 a tale disequilibrio creando delle zone di compenso con adattamenti corporei non favorevoli al benessere generale dell\u2019organismo.<\/p><p>\u00a0<\/p><h4><span style=\"color: #689bca;\"><strong>PERCHE\u2019 RIVOLGERSI ALL\u2019OSTEOPATA?<\/strong><\/span><\/h4><p>\u00a0<\/p><p>Esistono vari motivi per rivolgersi all\u2019osteopata, relativi ai benefici che possiamo trarre dall\u2019osteopatia.<\/p><p>Il primo di questi motivi \u00e8 quello di fare un check-up generale in quanto l\u2019osteopata \u00e8 in grado di rilevare problemi allo stato potenziale.<\/p><p>Il secondo motivo per il quale ci si rivolge all\u2019osteopata: dopo aver identificato un problema o dopo averne cominciato a sentire i primi sintomi, l\u2019osteopata pu\u00f2 applicare tutta una serie di trattamenti a scopo preventivo.<\/p><p>Infine, se non ci siamo rivolti ad un osteopata per uno screening e abbiamo ignorato i sintomi relativi ai problemi che il nostro corpo ci segnalava, facendoli divenire cronici, possiamo chiedere un aiuto per trattamenti di cura.<\/p>\t\t\t\t\t\t\t\t<\/div>\n\t\t\t\t<\/div>\n\t\t\t\t\t<\/div>\n\t\t<\/div>\n\t\t\t\t\t<\/div>\n\t\t<\/section>\n\t\t\t\t<\/div>\n\t\t","protected":false},"excerpt":{"rendered":"<p>La nascita dell&#8217;Osteopatia e la sua diffusione: Andrew Taylor Still nacque in Virginia nel 1828, figlio di un pastore metodista e medico, trascorse la sua infanzia al seguito del padre nei suoi frequenti spostamenti tra diverse missioni per i nativi americani nei territori dell\u2019allora Missouri Territory. In giovane et\u00e0, decise di seguire le orme del [&hellip;]<\/p>\n","protected":false},"author":1,"featured_media":648,"parent":0,"menu_order":0,"comment_status":"closed","ping_status":"closed","template":"elementor_header_footer","meta":{"footnotes":""},"class_list":["post-190","page","type-page","status-publish","has-post-thumbnail","hentry"],"_links":{"self":[{"href":"https:\/\/valentinaberraosteopata.it\/index.php\/wp-json\/wp\/v2\/pages\/190","targetHints":{"allow":["GET"]}}],"collection":[{"href":"https:\/\/valentinaberraosteopata.it\/index.php\/wp-json\/wp\/v2\/pages"}],"about":[{"href":"https:\/\/valentinaberraosteopata.it\/index.php\/wp-json\/wp\/v2\/types\/page"}],"author":[{"embeddable":true,"href":"https:\/\/valentinaberraosteopata.it\/index.php\/wp-json\/wp\/v2\/users\/1"}],"replies":[{"embeddable":true,"href":"https:\/\/valentinaberraosteopata.it\/index.php\/wp-json\/wp\/v2\/comments?post=190"}],"version-history":[{"count":11,"href":"https:\/\/valentinaberraosteopata.it\/index.php\/wp-json\/wp\/v2\/pages\/190\/revisions"}],"predecessor-version":[{"id":881,"href":"https:\/\/valentinaberraosteopata.it\/index.php\/wp-json\/wp\/v2\/pages\/190\/revisions\/881"}],"wp:featuredmedia":[{"embeddable":true,"href":"https:\/\/valentinaberraosteopata.it\/index.php\/wp-json\/wp\/v2\/media\/648"}],"wp:attachment":[{"href":"https:\/\/valentinaberraosteopata.it\/index.php\/wp-json\/wp\/v2\/media?parent=190"}],"curies":[{"name":"wp","href":"https:\/\/api.w.org\/{rel}","templated":true}]}}