{"id":1060,"date":"2021-11-06T09:34:05","date_gmt":"2021-11-06T09:34:05","guid":{"rendered":"https:\/\/valentinaberraosteopata.it\/?page_id=1060"},"modified":"2021-11-07T10:52:34","modified_gmt":"2021-11-07T10:52:34","slug":"trattamento-sportivi","status":"publish","type":"page","link":"https:\/\/valentinaberraosteopata.it\/index.php\/trattamento-sportivi\/","title":{"rendered":"Trattamento sportivi"},"content":{"rendered":"\t\t<div data-elementor-type=\"wp-page\" data-elementor-id=\"1060\" class=\"elementor elementor-1060\">\n\t\t\t\t\t\t<section class=\"elementor-section elementor-top-section elementor-element elementor-element-919427c elementor-section-boxed elementor-section-height-default elementor-section-height-default\" data-id=\"919427c\" data-element_type=\"section\" data-e-type=\"section\">\n\t\t\t\t\t\t<div class=\"elementor-container elementor-column-gap-default\">\n\t\t\t\t\t<div class=\"elementor-column elementor-col-100 elementor-top-column elementor-element elementor-element-3889782\" data-id=\"3889782\" data-element_type=\"column\" data-e-type=\"column\">\n\t\t\t<div class=\"elementor-widget-wrap elementor-element-populated\">\n\t\t\t\t\t\t<div class=\"elementor-element elementor-element-af380c0 elementor-widget elementor-widget-text-editor\" data-id=\"af380c0\" data-element_type=\"widget\" data-e-type=\"widget\" data-widget_type=\"text-editor.default\">\n\t\t\t\t<div class=\"elementor-widget-container\">\n\t\t\t\t\t\t\t\t\t<h1><span style=\"color: #689bca;\">TRATTAMENTO SPORTIVI:<\/span><\/h1>\n<br>\nCome ho dimostrato con la mia tesi di laurea, l\u2019osteopatia \u00e8 utile sia per curare gli atleti ma soprattutto a prevenire gli infortuni.\n<br>\nAffidarsi all&#8217;osteopatia permette all&#8217;atleta (sia amatoriale che professionista) di affrontare le sfide al massimo delle proprie potenzialit\u00e0, ma anche ritrovare lo stato di salute.\n<br>\nPer un atleta\u00a0prendersi cura del proprio corpo \u00e8 importantissimo, e farsi trattare da un osteopata aiuta la massima efficienza dell&#8217;apparato muscolo-scheletrico. In questo modo lo sportivo avr\u00e0 la sicurezza di poter affrontare le sfide al massimo delle sue potenzialit\u00e0, ottimizzando le prestazioni e riducendo le possibilit\u00e0 di infortuni.\n<br>\nIl trattamento manipolativo osteopatico oltre a prevenire, \u00e8 in grado di ridurre il dolore muscolare in seguito ad un allenamento o ad un infortunio.\n<br>\nIn particolare, chi pratica <strong>corsa<\/strong> o <strong>l&#8217;atletica leggera<\/strong> potrebbe essere notevolmente limitato da problemi e disfunzioni facilmente trattabili con l&#8217;osteopatia, che possono fare la differenza durante una gara. Ed \u00e8 per questo che si rivela particolarmente importante lo stato fisico dell&#8217;atleta che deve essere al massimo delle sue potenzialit\u00e0 per poter ottenere i migliori risultati.\n<br>\nI <strong>ciclisti<\/strong>, per esempio, trarranno benefici dall&#8217;osteopatia per alleggerire il sovraccarico sulla colonna dovuto al mantenimento di una posizione non naturale per molte ore come anche i tendini del ginocchio, il tendine achilleo o i tendini del gomito.\n<br>\nAnche il<strong>\u00a0pallavolista<\/strong>\u00a0pu\u00f2 giovare di questi vantaggi. Spesso chi pratica questo sport lamenta dolori alla spalla dal lato dominante, dovuti ai movimenti ripetuti; quindi, prima di compromettere la possibilit\u00e0 di scendere in campo, \u00e8 importante agire con i trattamenti osteopatiche per ottenere il giusto equilibrio per giocare al pieno delle proprie possibilit\u00e0.\n<br>\nCos\u00ec come per lo <strong>sci<\/strong>, il <strong>nuoto<\/strong>, il <strong>basket<\/strong>, il <strong>tennis<\/strong>, <strong>arrampicata<\/strong>, <strong>arti marziali<\/strong>, <strong>equitazione<\/strong>, <strong>ginnastica<\/strong>, <strong>canottaggio, scherma<\/strong> e cos\u00ec via.\n<br>\nL\u2019obiettivo rimane sempre il medesimo, limitare la possibilit\u00e0 di sviluppare sintomi e curare quelli gi\u00e0 presenti, che altrimenti influirebbero negativamente sulla performance dell\u2019atleta.\n<br>\nPer concludere, l\u2019osteopatia va bene prima e dopo gli allenamenti ma anche in caso di infortunio.\t\t\t\t\t\t\t\t<\/div>\n\t\t\t\t<\/div>\n\t\t\t\t\t<\/div>\n\t\t<\/div>\n\t\t\t\t\t<\/div>\n\t\t<\/section>\n\t\t\t\t<\/div>\n\t\t","protected":false},"excerpt":{"rendered":"<p>TRATTAMENTO SPORTIVI: Come ho dimostrato con la mia tesi di laurea, l\u2019osteopatia \u00e8 utile sia per curare gli atleti ma soprattutto a prevenire gli infortuni. Affidarsi all&#8217;osteopatia permette all&#8217;atleta (sia amatoriale che professionista) di affrontare le sfide al massimo delle proprie potenzialit\u00e0, ma anche ritrovare lo stato di salute. Per un atleta\u00a0prendersi cura del proprio [&hellip;]<\/p>\n","protected":false},"author":1,"featured_media":648,"parent":0,"menu_order":0,"comment_status":"closed","ping_status":"closed","template":"","meta":{"footnotes":""},"class_list":["post-1060","page","type-page","status-publish","has-post-thumbnail","hentry"],"_links":{"self":[{"href":"https:\/\/valentinaberraosteopata.it\/index.php\/wp-json\/wp\/v2\/pages\/1060","targetHints":{"allow":["GET"]}}],"collection":[{"href":"https:\/\/valentinaberraosteopata.it\/index.php\/wp-json\/wp\/v2\/pages"}],"about":[{"href":"https:\/\/valentinaberraosteopata.it\/index.php\/wp-json\/wp\/v2\/types\/page"}],"author":[{"embeddable":true,"href":"https:\/\/valentinaberraosteopata.it\/index.php\/wp-json\/wp\/v2\/users\/1"}],"replies":[{"embeddable":true,"href":"https:\/\/valentinaberraosteopata.it\/index.php\/wp-json\/wp\/v2\/comments?post=1060"}],"version-history":[{"count":4,"href":"https:\/\/valentinaberraosteopata.it\/index.php\/wp-json\/wp\/v2\/pages\/1060\/revisions"}],"predecessor-version":[{"id":1118,"href":"https:\/\/valentinaberraosteopata.it\/index.php\/wp-json\/wp\/v2\/pages\/1060\/revisions\/1118"}],"wp:featuredmedia":[{"embeddable":true,"href":"https:\/\/valentinaberraosteopata.it\/index.php\/wp-json\/wp\/v2\/media\/648"}],"wp:attachment":[{"href":"https:\/\/valentinaberraosteopata.it\/index.php\/wp-json\/wp\/v2\/media?parent=1060"}],"curies":[{"name":"wp","href":"https:\/\/api.w.org\/{rel}","templated":true}]}}